3*m**3 - m**2 + m - 1. Let u be 6/9*(-3)/(-2). Suppose u = -5*i + 6. Give k(i).
2
Suppose 7*p + 15*p = -88. Let h be 1 + 38/57*18/p. Let v(r) be the second derivative of r**4/6 - r**3/3 - 3*r**2/2 - r. Calculate v(h).
9
Let y(v) = -27*v**3 - 2*v**2 + 3*v - 3. Let k(r) = 108*r**3 + 9*r**2 - 14*r + 14. Let h(j) = 2*k(j) + 9*y(j). Give h(1).
-27
Let j = -11 - -7. Let b(g) = -4*g**2 - 310 + 310 - 3*g + 5*g**2 + g**3 + 2*g**2. What is b(j)?
-4
Let p(t) = -t**2 - 2*t + 2. Suppose 51 = 5*f + 4*k - 18, 3*k = -5*f + 73. Let g be ((-8)/72*-9)/((-1)/15). Let n = g + f. Calculate p(n).
-6
Suppose 2*m = m + 8. Suppose 2*h - m = -0*h. Let u(n) = -3*n + 14. Let g(i) = -i + 5. Let d(l) = -8*g(l) + 3*u(l). Determine d(h).
-2
Let t(j) = 6*j**3 - 3*j**2 + 15*j - 11. Let b be t(1). Let k(h) be the second derivative of 1/12*h**4 - 3/20*h**5 + 1/3*h**3 + 1/2*h**2 - b*h + 0. Give k(-1).
3
Let q(o) = 4 - 3 - 13*o**2 + 10315*o - 10314*o. Give q(-1).
-13
Let d(v) be the second derivative of -v**7/2520 + v**6/80 - v**5/12 - v**4/6 - 16*v. Let u(y) be the third derivative of d(y). What is u(7)?
4
Let f(q) be the first derivative of q**2/2 + 8*q + 1. Let r(i) = i**2 - 2*i. Let x be r(4). Let h be (x/6)/(2/(-9)) + 2. Give f(h).
4
Let g(s) = s - 3. Let b(a) be the first derivative of -6*a + 6*a**2 + 1/4*a**4 + 14/3*a**3 - 6. Let r be b(-13). Determine g(r).
4
Let k(n) be the first derivative of -n**3/3 + n**2 + 11*n + 2. Let q(t) be the first derivative of k(t). Determine q(-5).
12
Let a(u) = -10*u**2 - u + 1. Let f(n) = -n**3 - 3*n**2 + 2*n - 4. Let r be f(-4). Let w be ((3 - r) + -3)*-5. Let i = 21 - w. Give a(i).
-10
Suppose 184*f = 191*f + 7. Let p(h) = h + 3. What is p(f)?
2
Suppose 0 = -5*b + 3*b + 8. Suppose b*o = -3*n - 1, -6 = o + 4*o - n. Let k(y) = 3*y**3 - 2*y**2 + 1. Determine k(o).
-4
Let i(n) be the third derivative of n**4/3 + 7*n**3/6 - 75*n**2. What is i(-5)?
-33
Let b(n) = -2 - 1 - 5*n + 1 + 4*n. Suppose -3*q - 37 = 5*r, 4*r - 2*q + 32 = -5*q. Give b(r).
3
Let y(n) = n + 1. Suppose -5*f = -5*s + 20, 2*f - 6*s + 2*s + 12 = 0. Let v be (f/(-4))/(4/8). Let k(h) = -1. Let j(q) = v*y(q) + k(q). Calculate j(6).
6
Let l(x) = -3*x**2 + 1. Suppose -12*c + 14*c + 58 = 0. Let j = 30 + c. Determine l(j).
-2
Let n(o) be the first derivative of 1/4*o**4 + 3/2*o**2 + 5 - 2*o**3 - 2*o. Give n(5).
-12
Suppose 7*t = 149 - 135. Let a(g) = -3*g + 5. Give a(t).
-1
Let r(a) = -a**3 - 7*a**2 + 9*a + 1. Let l(q) = -3*q - 11. Let x be l(-1). What is r(x)?
-7
Let l(f) be the second derivative of f**3/6 - 2*f**2 - 9*f. Let i = 68 - 66. What is l(i)?
-2
Let f = -24 + 41. Suppose 0 = -w - 2*b + 14, 2*w = 4*b + f + 11. Let o be (-88)/w - 22/(-77). Let v(l) = l**3 + 5*l**2 - 6*l - 9. Give v(o).
-9
Suppose -3*c + 18 = 3*c. Let v(a) = 1 + 4 + c*a - a + 1. What is v(-4)?
-2
Let v(q) be the first derivative of q**4/4 - 2*q**3/3 - 2. Let p = -103 + 105. Give v(p).
0
Let b(z) = 2*z - 4. Let v(u) be the second derivative of u**3/6 + 3*u**2/2 + 15*u. Let h be v(2). Calculate b(h).
6
Let k(v) = -3*v**3 - 4*v**2 - 3*v. Let a = 63 - 59. Let s(x) = -x - 3. Let b be s(-6). Suppose b*p + 2 = -a. Determine k(p).
14
Let y(i) = i**3 + i**2 - i + 3. Let v(j) = 2*j**3 + 2*j**2 - 4*j + 15. Let u(z) = v(z) - 4*y(z). Determine u(2).
-21
Suppose 0 = r - 3 - 3. Let q(m) = 2*m**3 - 20*m**2 - 15*m - 16. Let a(u) = -u**3 + 9*u**2 + 7*u + 8. Let t(v) = 5*a(v) + 2*q(v). Give t(r).
2
Let o(t) = t**3 - 2*t**2 - 3*t. Suppose 5*x - 6*x = -4*j + 14, j + 5*x + 7 = 0. What is o(j)?
0
Let o = -502 + 490. Let z(w) = -w**3 - 11*w**2 + 13*w + 15. What is z(o)?
3
Suppose -y = -0*y - 4, 0 = -5*h - y - 16. Let s be (-2047)/299 - (h/26)/(-1). Let p(x) = x**3 + 8*x**2 + 3*x - 10. What is p(s)?
18
Let r(d) = -2*d - 11. Let b(z) = -3*z + 9. Let c(j) = -j + 1. Let k(o) = b(o) - 4*c(o). Let g(y) = -13*k(y) - 6*r(y). Calculate g(7).
-6
Let u(s) = -11*s**3 - 47*s**2 - 9*s + 42. Let d(a) = 5*a**3 + 21*a**2 + 4*a - 21. Let o(c) = -9*d(c) - 4*u(c). Calculate o(0).
21
Let s be (-2 - (-12)/9)*126/84. Let k = 3 - -4. Let a(r) = r + 4*r**2 + k*r**3 + 0*r - 2*r**2. Calculate a(s).
-6
Let w(c) = -9*c**2 - 2*c**2 - c + 10*c**2 - 2*c + 5 - 2*c. What is w(-6)?
-1
Let z(a) = -a**2 + 4*a - 1. Let s(d) = 5*d**2 - 14*d - 2. Let m(i) = s(i) + 6*z(i). Calculate m(8).
8
Let d(v) be the third derivative of 5*v**4/8 + v**3/6 + 3*v**2 - 97*v. Let p = -3 + 2. Calculate d(p).
-14
Let h(g) = g + 8. Let l(i) be the first derivative of -3/2*i**2 + 2 - 23*i. Let q(m) = 17*h(m) + 6*l(m). Calculate q(-1).
-1
Suppose -8*k = -7*k - 4. Let g be 1/k + (-50)/8. Let m(b) = -b**3 - 7*b**2 - 6*b. Determine m(g).
0
Let b(v) be the first derivative of -v**4/12 - 5*v**3/6 + 9*v + 2. Let t(p) be the first derivative of b(p). Let f = -20 - -14. What is t(f)?
-6
Let r(x) = x**3 - 3*x**2 - 3*x + 3. Let h(d) = 4*d + 11603 - 5806 - 5797. Let j = 2 + -1. Let a be h(j). What is r(a)?
7
Let m = -240 - -243. Let z(h) be the second derivative of -1/20*h**5 - 1/6*h**3 - 5/12*h**4 + 0 + 5/2*h**2 + m*h. What is z(-5)?
10
Let s(c) be the second derivative of 0*c**4 - 1/5*c**5 - 1/3*c**3 + 0 + 15*c - 1/2*c**2. Give s(-1).
5
Let k be 1/2*(0 + 2). Let n(g) be the third derivative of -7*g**6/120 - g**4/24 + g**3/6 + 63*g**2. Determine n(k).
-7
Let t(z) = z - 3*z - 6000 + 5980. Determine t(-13).
6
Let v(q) = -q**2 + 12*q - 6. Suppose 5*n - 25 = -3*d + 7*n, 3*n = -3*d + 45. Give v(d).
5
Suppose -38*a + 40*a + 4 = 0. Let u(y) = y**2 - 2*y - 2. Give u(a).
6
Let q(l) = 97*l**2 + 22*l - 23*l + 1 - 90*l**2. Suppose 2 = 3*b - 1. Calculate q(b).
7
Let l(h) = -h**3 + 6*h**2 + 7*h + 5. Suppose 0 = f + x - 15 + 9, 4*f + 5*x - 23 = 0. Determine l(f).
5
Let v(d) = -d**2 + 2*d + 13. Let g be v(-2). Let r(p) be the first derivative of -p**2/2 + p - 1. Give r(g).
-4
Let k(t) = -7*t**2 - 5 - 1 + 0*t**2 + 8*t + 6*t**2. Let m = 0 + 0. Suppose 3*p + m*p - 18 = 0. Calculate k(p).
6
Let k(u) be the third derivative of -u**4/24 + 2*u**3/3 - 275*u**2. Give k(-9).
13
Let t be 14/(-2) + (-27 - -29). Let j(x) = 4*x - 2*x**2 - 4*x**2 + 7*x**2. Determine j(t).
5
Let c(x) = 11*x**2 + 9. Let f(r) = -104 - 5*r**2 + 49 + 51. Let q(o) = -4*c(o) - 9*f(o). What is q(-1)?
1
Let d(m) = 5*m**2 - 2*m - 3*m**2 - m**3 + 0*m**2 - 2 + 6. What is d(2)?
0
Let q(h) be the third derivative of h**4/24 + 2*h**3/3 - 61*h**2. Calculate q(-7).
-3
Let g(a) = a - 1. Let t(w) = 24*w - 5. Let h(r) = 6*g(r) - t(r). Determine h(-1).
17
Suppose 0 = j + d - 26, j - 70 = -2*j + d. Let s = 24 - j. Suppose -25 = -4*b - b, s = -h + b. Let a(t) = t**2 - 5*t - 2. Give a(h).
-2
Let n(u) = u - 8. Let s(w) = 204*w - 1360. Let d(c) = -170*n(c) + s(c). Give d(-1).
-34
Let f(x) = -x**3 + 5*x**2 - 5. Let d be (8 - 4)/(-8)*0. Suppose -2 - 6 = -3*y - r, 5*y - 5*r - 40 = d. Calculate f(y).
11
Let u(w) = 6*w - 2*w + w**2 - 3 - w. Suppose -18*r - 49 = 23. What is u(r)?
1
Let g(u) be the first derivative of -u**3/3 + u**2/2 - u - 14. Let p(i) = -i**3 - 4*i**2 + 4*i - 4. Let t(f) = 2*g(f) + p(f). Determine t(-7).
1
Let g(j) = 2*j**3 + 8*j**2 - 3*j + 19. Let z be g(-5). Let s(h) = -h**2 - 17*h - 11. Determine s(z).
5
Let c(i) be the first derivative of -i**2/2 + 3*i + 42. Give c(7).
-4
Let z(m) = 7*m + m**2 + 29 + 32 + 0*m + 31 - 86. Calculate z(-4).
-6
Suppose -17*s - 36 - 15 = 0. Let f = 4 - 0. Let c(l) = -4 - l + 2 - f. Determine c(s).
-3
Let y(z) = 14*z**2 - 3 + z + z**3 + 6 - 18*z**2. Suppose 18 - 51 = -11*r. Calculate y(r).
-3
Let x(j) = 48 - j + j**2 - 23 - 27. Suppose -2*z = -0*z + 8. Calculate x(z).
18
Let m(v) = -5*v**2 - 2*v - 4. Let u(h) = 11*h**2 + 5*h + 10. Let j(w) = -7*m(w) - 3*u(w). What is j(-2)?
8
Let c(f) be the second derivative of -f**5/20 + f**4/4 - f**3/3 - f**2 + 232*f. Calculate c(3).
-8
Let w(v) = -v**3 + 12*v**2 - 12*v + 16. Let b be w(11). Let c(d) = -d**2 + 116*d**3 + 2 + b*d - 117*d**3 + 0*d. Let z = 1 - 4. Calculate c(z).
5
Let l(f) = -5*f**3 + 4*f**2 + f - 4. Let g(z) = z - 3*z**3 - 3*z**3 + 5*z**2 + 0 - 5. Let j = -224 - -220. Let y(p) = j*l(p) + 3*g(p). Calculate y(1).
1
Let o(u) = 4*u**2 - 39*u + 21. Let y be o(9). Let p(b) = -b**3 - 5*b**2 + 8*b + 4. Calculate p(y).
-8
Suppose 2*v = v + 1. Let l be (36/(-44))/(-1) - (-2)/11. Let i(n) = -n - n - 10*n + l. Give i(v).
-11
Let x(p) = 13*p**2 + p - 7. Let m(w) = -7*w**2 + 3. Let b(f) = -11